or of c?
False
Let c = -35 - -56. Is 8 a factor of c?
False
Let m = 24 + -16. Does 8 divide m?
True
Let g(i) = i - 8. Let j be g(11). Suppose -z = -2*u - 3*u + j, -3*z + 5*u = -21. Is z a multiple of 12?
True
Let s = 150 - -378. Does 66 divide s?
True
Let i(u) = -u**3 + 9*u**2 - 9*u + 8. Let q be i(8). Suppose q = -b + 5*b - 8. Suppose -3*k - b*j + 116 = -4*j, 5*k + 4*j - 164 = 0. Does 15 divide k?
False
Suppose m + h = -2*m + 335, m + 5*h = 121. Is 18 a factor of m?
False
Let o(n) = n**2 - 2*n - 3. Suppose -3*w - 10 = 2*w. Let r be o(w). Suppose 0 = r*z - 17 - 28. Is 9 a factor of z?
True
Let h(g) = 89*g**3 + g - 1. Is h(1) a multiple of 18?
False
Suppose 3*s - 3 = 2*r, -5*s = -7 + 2. Suppose r = 3*j - 5*j. Suppose 4*t - 8 - 20 = j. Does 5 divide t?
False
Let x(v) = v**3 - 3*v**2 + 6*v - 7. Is 11 a factor of x(4)?
True
Let n = -55 + 78. Does 11 divide n?
False
Suppose -m = -5*m - 52. Let j = 15 + m. Is 2 a factor of j?
True
Let j be 174/(-9) + (-1)/(-3). Let k = -11 - j. Is k a multiple of 4?
True
Suppose -2*n + 9 = -19. Is 14 a factor of n?
True
Let j = -7 + 4. Let q = 11 + 1. Let i = j + q. Does 7 divide i?
False
Suppose m + 1 = -4*n - 2, -m = n - 3. Let l be (25 - n) + (0 - 2). Let t = 41 - l. Is t a multiple of 6?
False
Let r(c) = -11*c - 7. Let m be r(-4). Let q = m - 7. Is q a multiple of 10?
True
Let r(u) = 4*u**2 + 4*u + 6. Let p be (-1 + 1/2)*8. Is r(p) a multiple of 19?
False
Let o = 19 + -10. Suppose t = -q + 7 - 1, -2*t + q + o = 0. Let i = t - -3. Is i a multiple of 3?
False
Is 3 - (0 + 73)*-1 a multiple of 24?
False
Suppose 59 = -5*h - 136. Let k = h - -71. Is 16 a factor of k?
True
Suppose -3*u + 144 = -24. Suppose -i = -5*i - c + u, -3*c - 53 = -5*i. Is i a multiple of 11?
False
Suppose 0*z + 693 = 7*z. Is z a multiple of 16?
False
Let m = 16 + -5. Let r = -1 + m. Let p = r + -7. Is 3 a factor of p?
True
Let h = 0 + 5. Suppose 2*x = g - 11, 2*g + 11 = 3*g + h*x. Is g a multiple of 5?
False
Let y = 43 + 55. Is y a multiple of 7?
True
Let k = 84 - 53. Does 31 divide k?
True
Suppose -9*l + 264 = -5*l. Is l a multiple of 19?
False
Let t = 134 + -127. Does 7 divide t?
True
Suppose -3*k + 7*k - 116 = 0. Does 7 divide k?
False
Suppose 3*t - 19 - 59 = 0. Let k(y) = 1 - 3 + t*y + 1. Is k(1) a multiple of 12?
False
Let p be 1/(((-3)/5)/3). Let q(o) be the first derivative of -o**2 + 6*o + 4. Is 8 a factor of q(p)?
True
Let l(r) = -r + 1. Let t be l(2). Let a(c) = -15*c**3 - 2*c**2 - 2*c - 1. Is a(t) a multiple of 14?
True
Let z(m) be the third derivative of m**6/120 + 11*m**5/60 + m**4/8 + 7*m**3/3 + 7*m**2. Does 26 divide z(-10)?
False
Suppose -d = -2*d + 4*j + 17, 34 = 2*d - 3*j. Is d a multiple of 2?
False
Suppose -5 = r - 2*v, -95 = 2*r + 3*r + 4*v. Let d = r + 45. Is 5 a factor of d?
True
Let u(p) = -6*p**2 + p - 1. Let r be u(1). Let n = r - -13. Does 2 divide n?
False
Let u(r) be the first derivative of r**4/4 - 8*r**3/3 + r**2/2 - 6*r - 1. Let x be u(8). Suppose -3*g - l = -82, g - 17 = x*l + 8. Is g a multiple of 11?
False
Suppose -s + 2*n + 11 = 0, 3*s - 6*n = -3*n + 24. Let j be 3/(-6) + 4/8. Suppose -5*t = -4*u - j*u + 177, 220 = 5*u - s*t. Does 17 divide u?
False
Let u(v) = 2 - 5*v + 6*v**2 - 5 + 9*v. Let n be 1 - 0 - 1*-1. Does 10 divide u(n)?
False
Suppose 5*r - 133 = 4*g - 359, -2*r + 63 = g. Suppose 4*i = -6*a + a + 117, 3*i - 2*a = g. Suppose 3*j - 5*j = -5*u + 49, 3*u = -2*j + i. Is u a multiple of 9?
True
Suppose 3*a = -a + 480. Suppose 3*y = g - 49, 3*g + y = a - 23. Is g a multiple of 17?
True
Suppose z + 0*z + 2 = 3*r, 3*z = 4*r + 4. Let s(u) = 20*u - 3. Is s(r) a multiple of 11?
False
Suppose 0 = -6*l + 2*l + 160. Suppose 4*k + 16 - l = 0. Is 7 a factor of ((-40)/k)/(2/(-6))?
False
Suppose l - 100 = 5*h, 0 = -5*l + 2*h - h + 572. Is 14 a factor of l?
False
Suppose -4*j + 5 = 3*f, 3*j - 4 - 7 = 5*f. Is 20 a factor of (-82)/(-4) - f/(-2)?
True
Let y be (-2)/(-3) + 68/(-12). Let v = -2 + y. Let t = v + 16. Is t a multiple of 7?
False
Suppose 5*y - l - 10 = 0, y + 3*l = 2*y + 12. Suppose -2*f + v = -30, -f + 4 + 16 = -y*v. Is f a multiple of 7?
True
Suppose -5*a + 210 = 2*l, -5*a = 5*l - 0*l - 195. Is 11 a factor of a?
True
Does 4 divide (-1*69/9)/((-7)/21)?
False
Suppose -4*l = -4*o, 2*l = 4*o - o - 2. Suppose 0*g + 6 = -3*g - 3*k, 3*k + 6 = -o*g. Is (g - 46/3)*-3 a multiple of 23?
True
Let s(o) = -8 + 19 + 3 + 22 - o. Does 18 divide s(0)?
True
Let i = -56 - -115. Does 14 divide i?
False
Let l(b) = -b**3 + 4*b**2 + 2*b - 6. Let j be l(4). Suppose 24 = 5*u - j*u. Let z = u + -3. Is z a multiple of 5?
True
Suppose 11 = 5*b - 4. Let x be (1*18)/b + -1. Let g = 22 - x. Is 7 a factor of g?
False
Let i(g) = -2*g - 4. Let f be i(-5). Does 20 divide (160/(-24))/((-2)/f)?
True
Suppose -l = -5*m - 44 + 15, -4*m = l - 29. Is 13 a factor of l?
False
Let g be 6/(-2) + 50/10. Suppose -5*r + 17 - g = 0. Suppose 0 = -6*a + a + 5*v + 205, -2*a + 79 = -r*v. Does 22 divide a?
True
Suppose -2*q = -p + 9, 0 = -3*p + 5*q + 21 + 6. Let w = p - 8. Let o(g) = 5*g**3 + g**2 - 2*g + 1. Is o(w) a multiple of 5?
True
Suppose 0*d - 4*d = -2*c + 102, 0 = 5*d - 10. Does 5 divide c?
True
Let u(q) = -6*q + 61. Is u(-7) a multiple of 33?
False
Let c = -10 + 62. Suppose -c - 152 = 4*n. Let p = n - -77. Is p a multiple of 13?
True
Let m = 99 + -54. Is 9 a factor of m?
True
Suppose -60 = -3*j + 195. Is 21 a factor of j?
False
Suppose -2*o + 192 = -4*t, 3*o - 255 - 15 = -3*t. Does 10 divide o?
False
Let h = 217 - 122. Is 5 a factor of h?
True
Let k = 5 - 9. Is 11*(4/k + 2) a multiple of 8?
False
Is 7 a factor of -2 + 22 + 1 + 1 + -3?
False
Suppose 5*i - 77 = 8. Is 17 a factor of i?
True
Let p(q) = 3*q. Let c be p(-1). Let n(l) = 3*l**2 + 4*l + 9. Let a(u) = 1. Let s(w) = -6*a(w) + n(w). Does 18 divide s(c)?
True
Let r(n) = -4*n**3 + n**2 + 1. Let m(s) = 21*s**3 - 4*s**2 + s - 5. Let k(o) = 2*m(o) + 11*r(o). Does 6 divide k(-2)?
False
Let h(i) = -i. Let j be h(-6). Let t be 129/(-15) + j/(-15). Does 2 divide 6/15*(1 - t)?
True
Let z(w) = -w**3 - w**3 - 26*w**2 + 24*w**2 + 3 + 5*w. Does 12 divide z(-3)?
True
Suppose 11 = -f + 4*n, -8 = 5*f + n + 26. Let s = 8 + 7. Let j = f + s. Is 4 a factor of j?
True
Let o = 6 - 3. Suppose 0 = -o*x + 5*x - 48. Is x a multiple of 11?
False
Let j(m) = m**3 + 5*m**2 - 7*m - 7. Let d be j(-6). Let l = 9 - d. Does 5 divide l?
True
Is (-1)/2 - (351/(-6))/3 a multiple of 10?
False
Suppose 0 = -3*w + 3*p - 12, 2*p - 3 = 1. Let h = 8 - 6. Let m = h - w. Does 4 divide m?
True
Let z = -8 - -3. Let v(t) = -4*t + 11. Is 8 a factor of v(z)?
False
Suppose w = -4*w + 140. Suppose -t + 2*t = w. Does 14 divide t?
True
Suppose 5*k - 379 = -3*d, 0*k + 213 = 3*k - 3*d. Does 16 divide k?
False
Suppose 50 = 5*v - 75. Suppose -5*n - v = 0, 0*n + 405 = 5*o - 4*n. Does 30 divide o?
False
Suppose -p - 5*d = -3*p + 114, 12 = 3*d. Let t = -27 + p. Does 25 divide t?
False
Is 3 a factor of (26 - -61) + -1*(-2 - -3)?
False
Suppose -z + 40 = 2*n - 74, 5*n - 284 = -3*z. Suppose -i = 4*t - 42, -2*i - 4*t - n = -138. Suppose 2*l + 3*k - 132 = -l, -l + i = -2*k. Is 14 a factor of l?
True
Suppose 7*v - 570 = 2*v. Is v a multiple of 12?
False
Let v = -11 + 15. Suppose 4*h = 5*z, 3*z + v*h + 2 = 34. Let s = z + 19. Is s a multiple of 12?
False
Let j = -13 + 20. Is j a multiple of 2?
False
Let y = 95 - -100. Suppose -4*s = -133 - y. Is s a multiple of 22?
False
Let i(d) be the first derivative of -d**4/4 - 4*d**3/3 + 3*d**2/2 - 7*d - 2. Let q be i(-5). Suppose -s = q*c - 12, -2*s + 68 = -0*s - 5*c. Does 12 divide s?
True
Let a(g) = 6*g**2 + g. Let j be a(-1). Suppose 20 = 4*k + 4, -2*m + 32 = j*k. Let i = 15 - m. Is i a multiple of 4?
False
Let o(q) = 5*q - 2 - 4*q + 0. Let l be o(6). Suppose -4*d = l*b - 112, 2*b - 54 = -d - 0*d. Does 13 divide b?
True
Let p be -3 - (4 - (2 + 8)). Let h(l) be the third derivative of -l**5/60 + l**4/4 + 2*l**3/3 - l**2. Is 10 a factor of h(p)?
False
Let r = -31 + 55. Suppose -31 = -5*u + r. Is 11 a factor of u?
True
Let b = 3 - -24. Is 21 a factor of b?
False
Let w = -191 + 321. Does 18 divide w?
False
Suppose -7*j - 5*i + 35 = -4*j, -4*j + 5*i + 105 = 0. Is j a multiple of 4?
True
Suppose 2*k - 10 = -3*k. Let x be k/(((-10)/(-4))/5). Suppose -d + 196 = 4*d + 3*v, x*d = -5*v + 149. Is 14 a factor of d?
False
Let c(i) = -2